32936.
23
What is the greatest common factor of 64684 and 4396?
628
What is the highest common factor of 309 and 868599?
309
What is the highest common factor of 5989 and 132775?
113
Calculate the highest common factor of 645 and 44247.
129
Calculate the highest common divisor of 1404 and 38623.
13
Calculate the greatest common divisor of 6172 and 1877831.
1543
What is the greatest common factor of 2704 and 2312?
8
What is the highest common factor of 100 and 838060?
20
Calculate the highest common divisor of 178133 and 53.
53
What is the highest common divisor of 2961 and 752?
47
What is the greatest common divisor of 1376553 and 254?
127
What is the highest common factor of 91 and 308?
7
What is the greatest common factor of 71040 and 16?
16
Calculate the greatest common factor of 716032 and 48.
16
What is the greatest common factor of 78 and 4641?
39
What is the greatest common factor of 412 and 28732468?
412
Calculate the highest common divisor of 840 and 2696.
8
What is the greatest common factor of 621432 and 18?
18
Calculate the highest common divisor of 11356 and 2244.
68
What is the greatest common factor of 132 and 220407?
33
Calculate the greatest common factor of 196308 and 133.
133
Calculate the greatest common divisor of 3979 and 4462.
23
Calculate the highest common divisor of 584 and 1288085.
73
Calculate the highest common divisor of 456988 and 532.
532
What is the highest common divisor of 320502 and 312?
78
Calculate the greatest common divisor of 35840 and 630.
70
Calculate the greatest common factor of 34472 and 632.
8
Calculate the greatest common divisor of 8526375 and 825.
825
What is the greatest common divisor of 17888 and 640?
32
What is the highest common divisor of 49242 and 48?
6
Calculate the highest common divisor of 75712 and 112.
112
What is the greatest common divisor of 278586 and 134?
134
Calculate the greatest common factor of 32 and 25752.
8
Calculate the greatest common divisor of 1229361 and 2793.
147
Calculate the highest common divisor of 9900 and 117.
9
What is the greatest common factor of 80 and 944720?
80
What is the greatest common divisor of 5576218 and 217?
31
Calculate the highest common factor of 855 and 1095.
15
What is the greatest common divisor of 157672 and 3?
1
What is the highest common divisor of 77 and 25421?
11
Calculate the greatest common divisor of 4318 and 2040.
34
What is the highest common factor of 10164 and 84?
84
What is the highest common factor of 103 and 76529?
103
What is the highest common divisor of 234090 and 3060?
1530
Calculate the greatest common divisor of 342122 and 44.
22
What is the highest common divisor of 143309 and 139?
139
Calculate the highest common factor of 27 and 693648.
9
What is the greatest common factor of 404521 and 37?
37
What is the highest common divisor of 2280 and 6645?
15
Calculate the greatest common factor of 280 and 47845.
35
Calculate the greatest common divisor of 301 and 14581.
7
What is the greatest common factor of 88387 and 20920?
523
Calculate the highest common divisor of 2478674 and 4026.
1342
What is the greatest common factor of 820 and 21361?
41
What is the highest common factor of 666 and 528?
6
What is the greatest common divisor of 52 and 173212?
52
What is the highest common divisor of 1241 and 15476?
73
Calculate the greatest common divisor of 51 and 4233.
51
Calculate the greatest common factor of 128546 and 44.
22
Calculate the greatest common divisor of 3510 and 507.
39
What is the highest common divisor of 29906 and 2546?
38
What is the highest common factor of 16960 and 24?
8
Calculate the greatest common divisor of 42 and 25522.
14
What is the highest common divisor of 307922 and 58?
58
Calculate the greatest common factor of 72 and 9896.
8
Calculate the greatest common factor of 341 and 19.
1
Calculate the highest common divisor of 7 and 309869.
7
Calculate the highest common factor of 4040 and 84335.
505
What is the highest common factor of 25239 and 3043?
179
What is the highest common divisor of 8208 and 1572?
12
Calculate the highest common factor of 84 and 1823472.
84
Calculate the greatest common divisor of 6744 and 312.
24
What is the highest common divisor of 3860 and 380?
20
Calculate the highest common divisor of 40 and 90070.
10
What is the greatest common divisor of 210 and 79485?
105
Calculate the highest common factor of 166353 and 33.
33
Calculate the greatest common factor of 2840 and 1800.
40
What is the greatest common factor of 37953 and 1098?
9
What is the greatest common factor of 47792 and 33872?
464
Calculate the highest common divisor of 1481970 and 315.
105
Calculate the highest common factor of 3300 and 1012.
44
Calculate the greatest common divisor of 141580 and 80.
20
What is the greatest common factor of 938 and 5494?
134
What is the highest common factor of 139 and 1918061?
139
What is the highest common factor of 5864536 and 16?
8
Calculate the greatest common factor of 411504 and 528.
48
Calculate the greatest common factor of 105 and 5315.
5
What is the greatest common divisor of 1191 and 529201?
397
What is the greatest common factor of 50 and 1022075?
25
What is the highest common factor of 239860 and 179?
179
Calculate the greatest common divisor of 96 and 107907.
3
Calculate the highest common divisor of 10 and 268930.
10
Calculate the highest common factor of 11221 and 82211.
229
What is the greatest common divisor of 552 and 3926652?
276
Calculate the greatest common divisor of 194 and 615756.
194
Calculate the greatest common divisor of 965 and 61181.
193
What is the highest common factor of 75 and 196450?
25
What is the highest common divisor of 43344 and 43?
43
Calculate the greatest common factor of 115568 and 67952.
496
Calculate the greatest common divisor of 884963 and 2973.
991
Calculate the highest common factor of 3872 and 89.
1
What is the highest common divisor of 60845 and 1505?
215
What is the highest common factor of 1979624 and 16?
8
What is the greatest common divisor of 401 and 1407?
1
What is the highest common factor of 12595 and 4015?
55
Calculate the greatest common divisor of 72 and 24984.
72
What is the greatest common divisor of 608 and 763192?
152
Calculate the greatest common factor of 152928 and 826.
118
Calculate the greatest common divisor of 116 and 284.
4
What is the highest common factor of 931 and 418?
19
Calculate the highest common factor of 17040691 and 547.
547
What is the highest common divisor of 1007 and 10001524?
1007
Calculate the greatest common divisor of 184 and 4185908.
92
What is the highest common factor of 135 and 126333?
27
What is the greatest common divisor of 26602 and 94?
94
Calculate the greatest common factor of 2884 and 2324.
28
Calculate the greatest common factor of 1496 and 3383.
17
What is the greatest common factor of 290004 and 208?
52
What is the greatest common divisor of 417600 and 340?
20
What is the highest common divisor of 99 and 24435?
9
What is the highest common factor of 875 and 364075?
25
Calculate the highest common factor of 73625 and 1539.
19
Calculate the highest common factor of 1755 and 57375.
135
Calculate the greatest common factor of 615 and 1035.
15
Calculate the greatest common divisor of 2364 and 1506.
6
What is the highest common divisor of 5963 and 14271?
67
What is the greatest common factor of 14 and 13144?
2
Calculate the greatest common divisor of 6921 and 189943.
769
Calculate the greatest common divisor of 1084032 and 432.
144
Calculate the highest common divisor of 26 and 248.
2
Calculate the highest common divisor of 19131 and 651.
21
Calculate the highest common divisor of 6475 and 152425.
175
What is the highest common factor of 697 and 16523?
41
Calculate the greatest common divisor of 18 and 168804.
18
Calculate the greatest common factor of 163075 and 825.
275
Calculate the highest common factor of 5 and 62835.
5
What is the greatest common divisor of 2714 and 12466?
46
What is the highest common divisor of 195 and 21606?
39
Calculate the highest common factor of 715860 and 60.
60
What is the highest common factor of 1065 and 201640?
355
What is the greatest common factor of 33117 and 8778?
399
What is the greatest common factor of 498 and 3818?
166
What is the highest